ided by 56.
55
Suppose 3*h + 2*l = 372, -3*h - 124 = -4*h + 5*l. Suppose -2*x - h = -4*r, x + 42 = 3*r - 51. Calculate the remainder when r is divided by (-5 - -3)*77/14*-1.
9
What is the remainder when 9 is divided by (-8)/6*(-39)/13?
1
Suppose -34 + 5 = 2*h + 5*u, -3*u = 5*h + 25. Calculate the remainder when 3 + h/1 - -24 is divided by 9.
7
Suppose 6*t - 3*t + 4*g = 58, 2*t = -3*g + 39. Calculate the remainder when 34 is divided by t.
16
Calculate the remainder when 8 is divided by (27/9)/((-2)/(-2)).
2
Let o(j) = -j**3 + 9*j**2 - 23*j + 25. Let l = 15 + 9. What is the remainder when (l - -2) + -2 + 0 is divided by o(4)?
11
Suppose -4*t + 4*s + 76 = 0, 2*t + s + 2*s = 28. Suppose 0 = 2*x + j - 14 - 6, 8 = 2*x - 5*j. Calculate the remainder when t is divided by x.
8
Suppose 0 = 5*p - 2 + 37. Let u = 10 + p. Calculate the remainder when 10 is divided by u.
1
Suppose 5*k - k = 8. Suppose l + 5*r = -0*r + 48, -k*r = -3*l + 127. Calculate the remainder when l is divided by 15.
13
Let s(g) = -g**3 + g**2 - 3*g - 2 + 4 + 3*g**2. What is the remainder when 4 is divided by s(3)?
0
Suppose 2*h - 4*h = 5*l - 235, -3*l - h = -141. What is the remainder when l is divided by 17?
13
Let u(t) = 2*t + 3. Let q be (-6)/4*(-10)/3. Calculate the remainder when 37 is divided by u(q).
11
Let h be (-1 - -2*1)/(-1). Let r(z) = -11*z**3 + 2*z**2 + z. Calculate the remainder when r(h) is divided by 7.
5
Suppose -y = 4, o + 2*y + 8 = -0*y. Suppose -5*t = 0, o = -v - 2*v + 5*t + 36. Let c = 19 - v. What is the remainder when 19 is divided by c?
5
Suppose -3*c + 6 = 0, -11 = -5*l - c + 41. What is the remainder when 17 is divided by l?
7
Let a = 27 - 22. What is the remainder when 15 is divided by a?
0
Suppose -5*y + y + 48 = 0. Calculate the remainder when ((-46)/4)/(48/(-96)) is divided by y.
11
Let y be 6/(-30) + 6/5. Calculate the remainder when 32 is divided by y + 3 + 7/1.
10
Suppose -59 + 23 = -3*f. What is the remainder when 46 is divided by f?
10
Suppose -11 = -3*t + 2*t. Let h(i) = -6*i - 12. Calculate the remainder when h(-9) is divided by t.
9
What is the remainder when (-24)/42 + 417/7 is divided by 15?
14
Suppose 3 - 28 = -5*p. Let q be (3 - 3)*(-1 - -2). Let s(l) = l + 13. Calculate the remainder when s(q) is divided by p.
3
Suppose -154*g - 556 = -158*g. Calculate the remainder when g is divided by 36.
31
Let l = 180 - 106. Suppose -2*p = d - l, -5*d + 2*p = -10*d + 362. Suppose -4 = -s, -g - 4*s + d = 3*g. What is the remainder when 26 is divided by g?
12
Let v(r) = -r**2 - 2*r. Suppose -3*i + 6*i + 6 = 0. Let y be v(i). Suppose 3*f - 33 = -y*f. What is the remainder when 32 is divided by f?
10
Let c(z) be the first derivative of 7*z**2/2 + z + 1. Calculate the remainder when c(6) is divided by 22.
21
Let z = 7 + -2. Suppose -z*h + 22 = -28. Calculate the remainder when h is divided by 4.
2
Suppose 3*p = -p + 24. Let d = 8 - p. Suppose 5*k + 33 = 4*i, -d*i + 7*i + 2*k = 0. What is the remainder when i is divided by 2?
0
Let q = -186 - -202. Calculate the remainder when 109 is divided by q.
13
Suppose -y + 4*j + 6 = 0, -78 = 3*y - 8*y - 4*j. Calculate the remainder when y is divided by 5.
4
Suppose -5 + 21 = i. What is the remainder when 63 is divided by i?
15
Suppose -2*s + 2*z = 4*z - 44, 3*s - 74 = -5*z. What is the remainder when 53 is divided by s?
17
Let i = 9 + -2. Let x = i - 2. Suppose -n = -0*n, -x*r - 3*n + 70 = 0. Calculate the remainder when r is divided by 8.
6
Let r be (-1 + -2)/(9/(-12)). Suppose 20 = i - 3*h, -4*i = -0*h - 4*h - 88. Let k = i - r. Calculate the remainder when 36 is divided by k.
17
What is the remainder when 25 is divided by 117/6*8/12?
12
Suppose 0 = -g - 4*g + 4*f + 62, 3*g - 34 = 4*f. Let l = g + 10. Suppose p - l = -5*k, -2*p + 2*k = k - 15. What is the remainder when 17 is divided by p?
8
Suppose 0 = 3*h - 16 - 5. Calculate the remainder when 12 is divided by h.
5
Suppose 4*d + 5*m + 12 - 60 = 0, -4*d + 48 = -3*m. Let a = -9 - -10. Calculate the remainder when 38 is divided by (3 - a)*(d - 2).
18
Let g(p) = -p - 3. Let v be g(-5). Let r = 17 + v. What is the remainder when r is divided by 64/6 + (-8)/(-24)?
8
Let o be -5 + 4 + -2 - -12. Suppose -i = -h - o - 15, 4*h = -i + 44. What is the remainder when 54 is divided by i?
26
Suppose 14*n - 5*n = 234. What is the remainder when n is divided by (6/4)/((-1)/(-6))?
8
Suppose -4*o + 12 = 56. Let q(j) = 2*j**2 + 18*j + 23. Calculate the remainder when q(o) is divided by 17.
16
Suppose -4*l + 7 + 0 = s, -2*l = 4*s - 70. Calculate the remainder when 93 is divided by s.
17
Let d(p) = 3*p + 2. Let u be d(-2). Let i = 3 - u. Let k(m) = m**2 - 14*m + 4. What is the remainder when i is divided by k(14)?
3
Suppose 46 = -4*w + 170. Calculate the remainder when 92 is divided by w.
30
Calculate the remainder when 69 is divided by (-69)/(-4) - 39/(-52).
15
Let q = -39 - -53. Calculate the remainder when 41 is divided by q.
13
Let g(l) = l**2 + 13*l - 26. What is the remainder when g(-15) is divided by 1?
0
Calculate the remainder when (1*-1)/((-17)/1394) is divided by 28.
26
Suppose 39*b - 58 = 38*b. Suppose -x - 5*a - 9 - 6 = 0, 2*a = 2*x - 30. What is the remainder when b is divided by x?
8
Let j = -73 + 113. What is the remainder when j is divided by 14?
12
Calculate the remainder when -14*(45/2)/(-9) is divided by 13.
9
Calculate the remainder when 52/6*(2 - -1) is divided by 9.
8
Suppose -45 = -2*z + 3*s + 16, 4*z = 3*s + 131. Let q = 39 + -18. Suppose 0 = 2*y - 5*a - 13, 2*y + 3*a + 0 = q. Calculate the remainder when z is divided by y.
8
Let z(o) = 6*o - 23. What is the remainder when z(9) is divided by 11?
9
Suppose 0 = x - 6*x - 455. Let y = x - -135. What is the remainder when y is divided by 23?
21
Let x(s) = -4 - 3*s + 3 - 5 + 0*s. What is the remainder when 47 is divided by x(-6)?
11
Suppose -o - 195 = -5*i - 42, 0 = 3*i + 2*o - 84. What is the remainder when 118 is divided by i?
28
Suppose -23*n - 13 = -24*n. Suppose -4*r + 5*y + 24 = -59, -107 = -5*r + 3*y. Calculate the remainder when r is divided by n.
9
Let g(v) = v**2 - 5*v - 3. Suppose -28 = 2*k - 6*k. Let d(b) = b**3 + 11*b**2 - 14*b - 18. Calculate the remainder when g(k) is divided by d(-12).
5
Suppose 3*z + 11 - 734 = 0. Suppose 5*y = -3*n + z, 79 = 4*y + 3*n - 115. What is the remainder when y is divided by (-1 - -5)/((-2)/(-8))?
15
Suppose 2*q = 5*k - 0 + 3, 0 = -5*k + 15. What is the remainder when 34 is divided by q?
7
Suppose 0 = 3*y - 109 + 22. Let p = -4 - -8. Suppose r - p - 11 = 0. What is the remainder when y is divided by r?
14
Let b = 22 - 14. Calculate the remainder when 38 is divided by b.
6
Suppose 2*l + j + 61 = 0, 0 = -5*l + 4*j - 3*j - 135. Let r = 38 + l. What is the remainder when 38 is divided by r?
8
Suppose -y = -1, -n - 3*y + 4 = -10. What is the remainder when n is divided by 7?
4
Let f be (-19)/(-4) + 2/8. Suppose -c - 11 = -2*c - 3*w, -3*c = -f*w - 75. What is the remainder when c is divided by 11?
9
Suppose h - 275 = -3*c - h, -5*c + 2*h + 469 = 0. Calculate the remainder when c is divided by 48.
45
Suppose -2*p - 2*p = -24. Let f = 18 + -15. Suppose f*z + 4*k = 85, 3*k + 16 = 3*z - 41. Calculate the remainder when z is divided by p.
5
Suppose 0 = 3*b - 7*b + 240. Suppose 0 = -n + 2*n, -b = -4*v - n. Let q = -14 - -57. Calculate the remainder when q is divided by v.
13
Let f = -126 + 158. What is the remainder when f is divided by 11?
10
Let x(j) = j**2 - 7*j + 4. Let p = -10 + 5. Let k = p - -14. What is the remainder when x(k) is divided by 12?
10
Let v = -34 + 9. What is the remainder when (-172)/(-6) - 4/6 is divided by (-240)/v - (-2)/5?
8
Let w = 18 + 0. Calculate the remainder when 52 is divided by w.
16
Let v(h) = h**2 - 2*h - 1. Let i be v(5). Suppose -i = -3*b - 2*c, 4*c - 6 = 5*b - 0. Calculate the remainder when 2 is divided by b.
0
Let l = 44 - 24. Calculate the remainder when 39 is divided by l.
19
Suppose -2*r - 3*h - 30 = -107, 4*h = -3*r + 114. What is the remainder when r is divided by 18?
16
Suppose 0 = -5*p + 4*c + 15, 0*p + 4*p = -5*c + 12. Suppose -p*n = -3*y - 5*n + 164, 2*y - 101 = -3*n. What is the remainder when y is divided by 15?
13
Let c = 147 - 75. What is the remainder when c is divided by 19?
15
Suppose 5*y = -g + 5*g + 59, 3*y + 5*g - 65 = 0. 